. What is f(d)?
-4
Let l(k) be the first derivative of -k**3/3 + 3*k**2 - k + 34. Give l(6).
-1
Suppose 0 = 5*v - 3*c - 15, c + 12 = 5*v - 13. Let a(g) = -g**3 + 5*g**2 + 6*g - 6. What is a(v)?
-6
Let v(i) = 2*i - 2*i - i + 4 - 2. Calculate v(-2).
4
Let x(o) = o**3 + 6*o**2 + 4*o - 5. Suppose -2*w - 3*z = 15 + 4, 14 = -w - 3*z. Give x(w).
0
Let i(v) = -2*v + 2. Let z = 11 - 13. Determine i(z).
6
Let f(p) be the third derivative of -p**4/12 + 3*p**2. Suppose 2*q - 4*q - 19 = 3*u, -q - 14 = 3*u. What is f(u)?
6
Let x be ((-15)/(-9) - 2)*-3. Let j(v) = -2*v - 2 + x + v - v - 5*v**2. Let m be 2*(-1)/(-2)*-1. What is j(m)?
-4
Let g(l) = -4*l. Let a(w) = w**3 - w**2 - 3*w + 3. Let b(u) = u**3 - 9*u**2 + 8*u + 3. Let t be b(8). Suppose -t*d = 1 - 7. Let m be a(d). Give g(m).
-4
Let a be 2 + -7 + 1 - -1. Let m(u) = -u**2 - 3*u - 4. What is m(a)?
-4
Let y(b) = 2 - 5*b**2 - 5*b - 14*b**2 + 27*b**2 - 9*b**2. Suppose 0 = 5*p + 8 + 7, 3 = -3*w + 5*p. Give y(w).
-4
Let h be (-2)/12 - 86/(-12). Let q(f) = -f**2 + 7*f + 3. Give q(h).
3
Suppose -4*u + 9*u - w = 24, -4 = 4*u + 5*w. Let b(s) = -s - s + u - 13. Suppose 0 = -4*h - 2*t - 30, -3*t + 12 = -7*t. What is b(h)?
3
Let p(k) = -3*k + 7. Let r(w) be the third derivative of w**5/60 - 5*w**3/6 + 2*w**2. Let c be r(-4). Suppose 4*b - 31 = -c. Determine p(b).
-8
Let v(q) = 2 + 1 + 3*q**3 + 3*q**2 - 4*q - 2*q**3 + 2. Determine v(-4).
5
Let i be 3/12 - (-7)/4. Let h(p) be the first derivative of p**2/2 - 2*p + 1. Calculate h(i).
0
Let c(s) be the second derivative of -s**5/20 - 5*s**4/12 - s**3/2 - s**2 - 8*s. Calculate c(-4).
-6
Let b = -31 - -31. Let y(x) = x**2 + 3. Give y(b).
3
Let i(g) be the second derivative of g**4/12 + g**2 + 11*g. Suppose 0*y - 4*y = 0. What is i(y)?
2
Let u(m) = m**2 + m - 2. Let c be (4/(-3))/((-5)/15). Suppose 0 = -5*q + 2*r - 9, -c*q = q - 5*r. Let v be -1 + -1 - (-2 - q). Give u(v).
4
Suppose 3*g + 2*u - 16 = 0, 12*g - 1 = 11*g - 5*u. Let m(x) = -2*x + 2. Determine m(g).
-10
Suppose -10 = 4*w - 2*u, -2 - 13 = 3*w - 3*u. Suppose 3*l - 3*h = -w*l, 4 = -l + 3*h. Let x(g) = -2*g + 3. Give x(l).
-1
Let z(n) = -n**2 - 8*n + 10. Let d(o) = -8*o**2 + 3*o + 2. Let r be d(-1). Calculate z(r).
1
Let z(m) = m. Let r = 7 + -5. Suppose r*k - 5 + 1 = 0. Give z(k).
2
Let y(h) be the third derivative of 0*h**4 - 1/60*h**5 - 1/2*h**3 - 5*h**2 + 0 + 0*h. Calculate y(-3).
-12
Let z(n) = -n + 1. Let v be z(-9). Suppose -h - v = h. Let f(r) = 0*r + r**3 - 1 - 2*r**2 + 7*r**2 + 2*r + 3. Give f(h).
-8
Let g(y) = -8*y**2 + 4*y**2 + 4*y**2 + 5*y**3. Determine g(1).
5
Let o(h) be the first derivative of h**2 - 2 - 1/6*h**3 + 3*h. Let k(f) be the first derivative of o(f). Calculate k(0).
2
Suppose -k = -3, x - k = -2*x. Suppose -s + x = -2. Let v(a) = 4*a - 6 + 1 - 5*a + s. Calculate v(0).
-2
Let k(m) = 8*m + 3. Let u(r) = -3*r + 2. Let v(a) = -a - 1. Let x(j) = -u(j) - 6*v(j). Let g(y) = 7*k(y) - 6*x(y). Give g(4).
5
Let k = 99 + -93. Let t(z) = -z**3 + 7*z**2 - 4*z + 1. Give t(k).
13
Let i(n) = 3*n - 4*n**2 + 0*n**2 + 2 + 6*n**3 - 7*n**3. Let m(t) = t**2 - 1. Let k(l) = -i(l) - 6*m(l). Give k(3).
4
Let l(u) = -2*u**2 - 6*u - 6. Let b be l(-3). Let y(k) = k**2 + 8*k + 5. Give y(b).
-7
Let w(r) = -r**2 - 5*r - 4. Let x be (3 - 2)/((-2)/6). Let d be 102/9 + (-2)/x. Suppose n = -3*n - d. Determine w(n).
2
Let q(l) be the second derivative of -l**4/12 - 4*l**3/3 - 3*l**2 + 19*l. Let p be ((-10)/(-4) - 1)*-4. Calculate q(p).
6
Let b(w) = -w + 1. Let z = -55 - -58. Determine b(z).
-2
Suppose 4*y + 11 - 27 = 0. Let j(r) be the second derivative of -r**3/6 + 5*r**2/2 - 2*r. Determine j(y).
1
Let n(u) = u**3 - 5*u**2 + 4*u - 3. Let h = 1 - -2. What is n(h)?
-9
Let y be (-32)/12 + (-4)/(-6). Let g(m) = m**2 + 1. What is g(y)?
5
Let n(f) = 4*f - 5*f + 87 - 41 - 43. Give n(-6).
9
Let d(g) = 11*g**3 - 7*g**2 + g. Let k(j) = 10*j**3 - 6*j**2 + j. Let i be 2 + -3 - 1/(-1). Suppose -f + i = 6. Let h(v) = f*d(v) + 7*k(v). What is h(-1)?
-5
Let k(t) = t**3 + 3*t**2 - t + 2. Suppose -f + 5*f = 16, -f - 88 = 4*v. Let h = -4 - v. Suppose -5*c - 6 = 2*i + h, c + 3*i = -18. Give k(c).
5
Let m(q) = q**3 + 2*q - 1. Suppose -9 + 1 = 4*i, -2*c = 2*i + 10. Let y(j) = -j**3. Let v(r) = c*y(r) + m(r). Calculate v(1).
5
Suppose 2*f + 4 = -2*f. Let w(t) = -8*t - 1. Let i(y) = 8*y + 1. Let c(x) = -2*i(x) - 3*w(x). What is c(f)?
-7
Let w(q) be the third derivative of q**6/120 + 2*q**5/15 + 7*q**4/24 - 3*q**3/2 + 5*q**2. Give w(-7).
-9
Let o(m) = m**2 + m + 1. Let w(i) = -i**3 - 12*i - 2. Let p(j) = -6*o(j) - w(j). Let g = 45 - 40. What is p(g)?
1
Let t(w) = 0*w**2 + 1 + 5*w**3 - 5*w**2 + 5*w**2 - w**2. Suppose z = -3*z - 4. Calculate t(z).
-5
Suppose -5*k - k + 48 = 0. Let n(t) = t**3 - 8*t**2 - 2*t + 6. Give n(k).
-10
Let s(t) = t**3 - 7*t**2 + 3*t + 7. Let j be 3*(-4)/12 + 10. Suppose j*m - 6 = 8*m. Calculate s(m).
-11
Suppose x + 18 = 4*v, 5*v - 30 = -3*x + 8*x. Let j(a) = 4*a - 4. Determine j(v).
12
Let i(p) be the second derivative of 0 + 9*p + 1/20*p**5 - 1/12*p**4 + 7/2*p**2 - 1/6*p**3. Let z be -2 + 0 + 1 - -1. What is i(z)?
7
Suppose 3*f + 8 = -2*b, 0 = 3*b - 2*f - f + 12. Let q = -1 - b. Let h(s) = s**3 - 2*s**2 - s + 3. Determine h(q).
9
Let v(a) = 26 - 47 + a**2 + 22. Give v(2).
5
Suppose 4*h + 9 = 3*i + 2*i, -5*h = -4*i. Suppose -3 = -o - h. Let a(k) = -k**2 + 1 + 4*k**3 + 2*k**2 - 2*k**2 - 7*k**3. Calculate a(o).
3
Let k(p) = -p + 2. Let z be k(5). Let d(y) = y + 6. Let t be d(-3). Let h(s) = 3*s - s**2 - 4 - 4*s + t*s - 5*s. Calculate h(z).
-4
Let d = -6 + 8. Let b(p) be the second derivative of d*p + 3/2*p**2 - 1/6*p**3 + 0 - 1/12*p**4. What is b(-3)?
-3
Let v = -22 - -20. Let h be (v - -3) + 2 + -3. Let t(g) = -g**2 + g - 1. Determine t(h).
-1
Let d be 12/14*(0 + 14). Suppose -4*r - 5*u = 4, -2*r + d = -0*u - u. Let g(p) = -r - 3*p + p**2 + 3*p. What is g(-3)?
5
Let o(c) be the second derivative of c**5/20 - c**4/12 + c**3/6 + 7*c**2/2 - c. Let w = 14 - 14. What is o(w)?
7
Let s(p) be the first derivative of -3/2*p**2 - 3 - 2*p + 2/3*p**3 + 1/4*p**4. Calculate s(-3).
-2
Let s(l) = 6*l + 1. Let b(u) = 2*u - 9. Let j be b(6). Suppose 20 = g + j*g. Suppose y + 3*m - 20 = -4*y, -2*y - g*m + 27 = 0. Give s(y).
7
Let x(f) = -1 + 2*f - f + 0 + 2. Suppose c - 1 = 2. Determine x(c).
4
Let v(f) = 3*f + 0 - 7 - 5 - f**2 + 3*f**3. Let s(a) be the first derivative of -a**4 + a**3/3 - 2*a**2 + 13*a - 5. Let l(w) = 4*s(w) + 5*v(w). Give l(0).
-8
Let r(s) = -s**3 - 4*s**2 - 2. Let t(b) = 3*b**2 + b + 4. Let k(i) = 7*i**2 + 3*i + 8. Let w(m) = 4*k(m) - 9*t(m). Let f be w(-3). What is r(f)?
-2
Let f(k) = -k - 3. Let m(q) = -3*q + 1. Let x be m(-1). Suppose 0 = x*b - 4*p + 12, 0 = 2*b - 0*b + 2*p + 6. What is f(b)?
0
Suppose 3*r - 19 = 4*k, -5*r + 21 = 2*k - 6*k. Let g = 7 + k. Let q(t) = -2*t + g - t**2 - t + t. What is q(2)?
-5
Let x(i) be the second derivative of -i**5/20 - i**4/3 - i**3/6 - 5*i**2/2 + 6*i. Let y be x(-4). Let w(k) = 5*k**3 + 2*k**2 + k. What is w(y)?
-4
Let l(z) = 2*z**3 - 6 - z**3 + 94*z - 89*z - 6*z**2. Let i be 132/28 - (-2)/7. What is l(i)?
-6
Suppose 3*z = 4*u + 15, z + 0*u + 3*u - 5 = 0. Let r(t) = 6*t - 4. Let o(l) = 7*l - 4. Let b(m) = -5*o(m) + 6*r(m). Give b(z).
1
Let z(x) = 2*x**2 + 2*x - 2. Suppose -3*h = 2*i, 4*i + 0*h + h = -10. Determine z(i).
10
Let s = 26 + -29. Let p(r) = r + 3. Determine p(s).
0
Let l(o) = -o**3 + 3*o**2 - 3*o + 2. Let n be l(2). Let a(c) = 3*c - 3. Let p(y) = -y + 1. Let h(i) = 6*a(i) + 17*p(i). Determine h(n).
-1
Let a(b) = -b + 2. Let n be 2 - -18 - (-4)/2. Suppose -4*o = 4*j - 8, 3*o - 6 = -4*j - 2*o. Suppose n = -j*g + 2. Calculate a(g).
7
Let w(s) = s**3 + 7*s**2 + 7*s + 4. Suppose -i - 18 = 2*i. What is w(i)?
-2
Let r(o) be the first derivative of -o**4/6 + o**3/3 - o**2/2 - 1. Let q(a) be the second derivative of r(a). Let j be (4 - 2)*6/4. Calculate q(j).
-10
Let m(j) = 87 - 15*j - 87 + 5*j. Determine m(2).
-20
Suppose x - 1 = 3. Let r(u) = u**3 + 6*u**2 + u - 7. Let v(j) = 2*j**3 + 7*j**2 + 2*j - 8. Let d(f) = 3*r(f) - 2*v(f). Calculate d(x).
-9
Let a be 4/2 + -7 + 2. Let h(k) be the first derivative of -k**2/2 + 2*k - 11. Give h(a).
5
Let f(u) = 2*u**2 + 15*u + 23. Let o(j) = -j**2 - 7*j - 11. Let x(q) = -4*f(q) - 9*o(q). Give x(-5).
17
Let y(t) = 7*t**3 + 2*t**2 - 11. Le